{"id":286,"date":"2020-06-16T15:29:34","date_gmt":"2020-06-16T15:29:34","guid":{"rendered":"http:\/\/duemmerbrise.stuehrenberg.com\/?page_id=286"},"modified":"2020-11-11T15:07:20","modified_gmt":"2020-11-11T15:07:20","slug":"reservierungsanfrage","status":"publish","type":"page","link":"https:\/\/duemmerbrise.stuehrenberg.com\/?page_id=286","title":{"rendered":"Buchungsanfrage und Preise"},"content":{"rendered":"\n<p>Hier k\u00f6nnen Sie Ihre Buchungsanfrage stellen. Wir melden uns kurzfristig zur\u00fcck, versprochen !  <br><br>Ihren <strong>Buchungspreis<\/strong> sehen Sie, wenn Sie unten Ihren Wunschzeitraum angeben, dort mu\u00df nur die Kaution (200\u20ac) hinzugerechnet werden, der Betrag wird aber meist zur\u00fcckbezahlt, denn er soll nur Sch\u00e4den kompensieren.<\/p>\n\n\n\n<p><strong>Vor Ihrer Buchungsanfrage ein paar Antworten zu FAQs, die aus Erfahrung<\/strong> <strong>\u00f6fter gestellt werden:<\/strong><br><br>1. Hunde und Katzen sind nicht erlaubt.<br>2.  Rauchen ist im gesamten Geb\u00e4ude und den direkt angrenzenden Fl\u00e4chen des Grundst\u00fcckes streng verboten !<br>3. Die Zahlung mu\u00df vor dem Buchungszeitraum, sp\u00e4testens mit der Anreise (bei besonderer Vereinbarung) vollst\u00e4ndig geleistet sein. <br>4. Es fallen nur Stornierungsgeb\u00fchren im Zeitraum von 4 Wochen vor dem Mietzeitraum an. Von der 4. Woche bis zur 2. Woche betr\u00e4gt die Stornierungsgeb\u00fchr 50%, in der letzten beiden Wochen vor Anreise dann 100% der Vertragssumme. <br>5.  unser Boot, Fahrr\u00e4der usw. sind NICHT Bestandteil des Mietvertrages. Wenn wir die Gewissheit erhalten, dass bei Sch\u00e4den auch jemand f\u00fcr die Reparatur etc. sorgt, dann k\u00f6nnen wir \u00fcber die Nutzung sprechen. Diese Gegenst\u00e4nde sind aber NICHT Bestandteil der Vertrages.<br>6. Strom\/Gas\/Wasser sind im Mietpreis enthalten. Da die Zahlung ohnehin pauschaliert erfolgen m\u00fcsste, macht eine Abgrenzung keinen Sinn und f\u00fchrt eher zu Missverst\u00e4ndnissen oder von Gastseite zu ungutem Gef\u00fchl. Unsere Preise sind also Endpreise und die UST ist auch schon enthalten.<br>7. Der CheckIn ist bei uns sehr einfach, die Anreise kann stressfrei ohne fixe Ankunftszeitangabe ab 17:00 Uhr des Anreisetages erfolgen. Sie erhalten nach der Zahlung kurz vor Ihrer Anreise von uns einen Zahlencode. Mit diesem Code k\u00f6nnen Sie einen kleinen Safe neben der Haust\u00fcr \u00f6ffnen, dort finden Sie Ihre Schl\u00fcssel f\u00fcr die D\u00fcmmerbrise. Grunds\u00e4tzlich ist kein gemeinsamer Termin vor Ort geplant. Eine Reinigung oder Serviceaktivit\u00e4t w\u00e4hrend des Mietzeitraums ist auch nicht geplant, sie bleiben ungest\u00f6rt. Der CheckOut soll bis 10:00 Uhr des Abreisetages erfolgen, sofern nichts anders vereinbart wurde und der Folgeanreise nicht am selben Tage geplant ist.<br>8. Vor der Anreise ist eine Kaution von 200 \u20ac erg\u00e4nzend zu zahlen. Wenn die R\u00fcckgabe unbeanstandet erfolgt, wird die Kaution in einer Woche nach Auszug zur\u00fcckgezahlt, der Hauscheck erfolgt evtl. erst ein paar Tage nach Ihrem Auszug.<br>9. Dieses Haus wird erst seit 1.7.20 vermietet. Ich bin also mit diesem Haus noch unerfahren. Tipps werden mit Freude und Dankbarkeit  entgegengenommen. Manches werde ich bestimmt \u00fcbersehen und gern zu Ihrer vollsten Zufriedenheit schnell abstellen oder erg\u00e4nzen wollen. Bitte sprechen Sie mich schnell an, wenn irgendetwas st\u00f6rt oder leicht verbessert werden kann.<br>10. Bitte sprechen Sie mich fr\u00fchzeitig bei Besch\u00e4digungen an. Wir finden dann vermutlich schnell eine L\u00f6sung und k\u00f6nnen die Korrektur dann schon mit der Endreinigung erledigen, das ist dann auch die g\u00fcnstigste L\u00f6sung f\u00fcr beide Parteien. \u00c4rgerlich sind \u00fcberraschende Tatbest\u00e4nde beim HausCheck vor allem auch, weil ich dann nicht vorbereitet bin und sich die Korrektur dann verz\u00f6gert.<br>11. Die hier stichwortartig angesprochenen Punkte werden in unseren AGBS detailiert erl\u00e4utert. Mit der untigen Buchungsanfrage erkl\u00e4rt sich der Gast bereit, die<a rel=\"noreferrer noopener\" href=\"http:\/\/duemmerbrise.stuehrenberg.com\/?page_id=296\" target=\"_blank\"> AGBs <\/a>des Hotels als Vertragsbestandteil zu akzeptieren. <br><\/p>\n\n\n\n<h3>Unser Formular zur Buchungsanfrage<\/h3>\n\n\n\n\n\t<!-- Advanced Booking Calendar Booking Form - https:\/\/booking-calendar-plugin.com -->\n\t\n\t<div id=\"abc-form-wrapper\">\n\t\t<img alt=\"Wird geladen...\" src=\"https:\/\/duemmerbrise.stuehrenberg.com\/wp-admin\/images\/wpspin_light.gif\" align=\"middle\" class=\"waiting\" id=\"abc_bookinform_loading\" style=\"display:none\" \/>\t\t\t\t\n\t\t<div id=\"abc-form-content\">\n\t\t\t<div class=\"abc-column\">\n\t\t\t\t<form class=\"abc-form\"  method=\"post\">\n\t\t\t\t\t<label for=\"abc-from\">Anreise<\/label>\n\t\t\t\t\t<div class=\"abc-input-fa\">\n\t\t\t\t\t\t<span class=\"fa fa-calendar\"><\/span>\n\t\t\t\t\t\t<input id=\"abc-from\" name=\"abc-from\" readonly=\"true\" class=\"abc-from\" value=\"\">\n\t\t\t\t\t<\/div>\n\t\t\t\t\t<label for=\"abc-to\">Abreise<\/label>\n\t\t\t\t\t<div class=\"abc-input-fa\">\n\t\t\t\t\t\t<span class=\"fa fa-calendar\"><\/span>\n\t\t\t\t\t\t<input id=\"abc-to\" name=\"abc-to\" readonly=\"true\" class=\"abc-to\" value=\"\">\n\t\t\t\t\t<\/div>\n\t\t\t<\/div>\t\t\t\n\t\t\t<div class=\"abc-column abc-form\">\t\n\t\t\t\t\t<label for=\"abc-persons\">Personen<\/label>\n\t\t\t\t\t<div class=\"abc-input-fa\">\n\t\t\t\t\t\t<span class=\"fa fa-female abc-guest1\"><\/span>\n\t\t\t\t\t\t<span class=\"fa fa-male abc-guest2\"><\/span>\n\t\t\t\t\t\t<select id=\"abc-persons\" name=\"abc-persons\">\n\t\t\t\t\t\t\t<option value=\"1\" selected>1<\/option><option value=\"2\">2<\/option><option value=\"3\">3<\/option><option value=\"4\">4<\/option>\n\t\t\t\t\t\t<\/select>\n\t\t\t\t\t<\/div>\n\t\t\t\t\t<input id=\"abcPostTrigger\" type=\"hidden\" name=\"abcPostTrigger\" value=\"0\">\t\n\t\t\t\t\t<input id=\"abcPostCalendarId\" type=\"hidden\" name=\"abcPostCalendarId\" value=\"\">\t\n\t\t\t\t<\/form>\t\n\t\t\t<\/div>\n\t\t\t<div class=\"abc-form-row\">\n\t\t\t\t<button class=\"abc-submit\" id=\"abc-check-availabilities\"><span id=\"abc-submit-button\" class=\"abc-submit-text\">Verf\u00fcgbarkeiten pr\u00fcfen<\/span><span class=\"abc-submit-loading\" >Wird geladen...<\/span><\/button>\n\t\t\t\t<button class=\"abc-submit\" id=\"abc-back-to-availabilities\" style=\"display: none;\"><span class=\"abc-submit-text\">Bearbeiten<\/span><\/button>\n\t\t\t<\/div>\t\n\t\t\t\n\t\t\t<div id=\"abc-bookingresults\"><\/div>\n\t\t<\/div><\/div>\n","protected":false},"excerpt":{"rendered":"<p>Hier k\u00f6nnen Sie Ihre Buchungsanfrage stellen. Wir melden uns kurzfristig zur\u00fcck, versprochen ! Ihren Buchungspreis sehen Sie, wenn Sie unten Ihren Wunschzeitraum angeben, dort mu\u00df nur die Kaution (200\u20ac) hinzugerechnet werden, der Betrag wird aber meist zur\u00fcckbezahlt, denn er soll <a href=\"https:\/\/duemmerbrise.stuehrenberg.com\/?page_id=286\" class=\"more-link\">Weiterlesen<\/a><\/p>\n","protected":false},"author":1,"featured_media":0,"parent":0,"menu_order":0,"comment_status":"closed","ping_status":"closed","template":"","meta":[],"_links":{"self":[{"href":"https:\/\/duemmerbrise.stuehrenberg.com\/index.php?rest_route=\/wp\/v2\/pages\/286"}],"collection":[{"href":"https:\/\/duemmerbrise.stuehrenberg.com\/index.php?rest_route=\/wp\/v2\/pages"}],"about":[{"href":"https:\/\/duemmerbrise.stuehrenberg.com\/index.php?rest_route=\/wp\/v2\/types\/page"}],"author":[{"embeddable":true,"href":"https:\/\/duemmerbrise.stuehrenberg.com\/index.php?rest_route=\/wp\/v2\/users\/1"}],"replies":[{"embeddable":true,"href":"https:\/\/duemmerbrise.stuehrenberg.com\/index.php?rest_route=%2Fwp%2Fv2%2Fcomments&post=286"}],"version-history":[{"count":10,"href":"https:\/\/duemmerbrise.stuehrenberg.com\/index.php?rest_route=\/wp\/v2\/pages\/286\/revisions"}],"predecessor-version":[{"id":333,"href":"https:\/\/duemmerbrise.stuehrenberg.com\/index.php?rest_route=\/wp\/v2\/pages\/286\/revisions\/333"}],"wp:attachment":[{"href":"https:\/\/duemmerbrise.stuehrenberg.com\/index.php?rest_route=%2Fwp%2Fv2%2Fmedia&parent=286"}],"curies":[{"name":"wp","href":"https:\/\/api.w.org\/{rel}","templated":true}]}}